 5*s(g) - 4*w(g). What is t(z)?
9
Let n(w) = w**3 + 2*w**2 - 2*w - 2. Suppose -15 = 5*b, 2*q - 2*b = -3*q - 9. Give n(q).
-5
Let w(c) = -5 + c**3 - 6*c**2 - 9*c + 7 + 8. Suppose 21 = 3*n - 0*n. Determine w(n).
-4
Let a be 5 + 5 + (-1 - 0) + -4. Let x(n) = -n**3 + 4*n**2 + 4*n - 2. Let g(h) = 2*h**3 - 8*h**2 - 7*h + 4. Let z(k) = -3*g(k) - 7*x(k). What is z(a)?
-8
Let z(s) be the third derivative of 1/2*s**3 + 0 - 1/6*s**4 - 1/20*s**5 + 2*s**2 + 1/120*s**6 + 0*s. Suppose 0 = -8*i - 3*i + 33. Calculate z(i).
-9
Let k(v) be the first derivative of -v**2 - 8*v - 32. Let d(j) = -j - 8. Let q(z) = -3*d(z) + 2*k(z). What is q(7)?
1
Let s(z) = z + 4. Let q(m) = -2*m**3 - 12*m + 12. Let n be q(1). What is s(n)?
2
Let k(q) = -q**3 + 5*q**2 + q - 7. Suppose 4*m + 2*v = 24 - 2, -4*m + 4*v + 16 = 0. Give k(m).
-2
Let c(t) = -t + 2. Let y(s) = 25*s - s**2 - 25*s + 6. Suppose 3 - 6 = -n. Let p be y(n). What is c(p)?
5
Let u(p) be the first derivative of -1/2*p**2 - 2/3*p**3 - 34 - 2*p. Calculate u(-2).
-8
Let d(a) = 2*a**3 - a**2 - 4*a + 3. Let m be 30/(-2) - (1 + 1). Let f = -13 - m. Suppose -6 = -5*k + f. Calculate d(k).
7
Let s(a) = -a**3 + 2*a + 2 - 27*a**2 + 23*a**2 + 0*a**3 - 3*a. Suppose 0 = -3*v - 2*h - 16, -5*h - 20 = 3*v - h. Determine s(v).
6
Let x(p) = -11*p + 12. Let w(u) = -4*u + 4. Let q(y) = 8*w(y) - 3*x(y). Suppose -v + 10 = -3*v. Let c(b) = b + 11. Let a be c(v). Determine q(a).
2
Let u = 2094 - 2101. Let b(s) = -s**3 - 6*s**2 + 7*s - 13. Determine b(u).
-13
Let d(t) = 4*t - 3. Let m(g) = 44*g - 34. Let c(x) = 68*d(x) - 6*m(x). Let p(l) = 3*l + 6. Let v be p(-4). Let k be ((-1)/(-3))/(2/v). Calculate c(k).
-8
Let c(k) = 5*k**3 + 28*k**2 - 21*k + 33. Let w(i) = 2*i**3 + 13*i**2 - 11*i + 16. Let z(p) = 3*c(p) - 7*w(p). Calculate z(5).
7
Let l(x) = x**2 - 2*x + 2. Let b(h) = -h**3 - 6*h**2 + 2. Let g be b(-6). Let d be (11/44)/(g/16). Suppose 5*z - 35 = -5*k, -d*k + 4*k + 14 = 5*z. Give l(k).
5
Let y(c) = 4*c**3 + 0*c**2 - 3*c**2 + c - 5*c**3 - 5*c. Let a(n) = n**3 + 11*n**2 + 2. Let p be a(-11). Let h be ((0 - p) + -1)*1. Calculate y(h).
12
Let w = 11 - 15. Let u = w - -2. Let p(a) = -a**2 - 91 - a - a**3 + 0*a + 90 - 2*a**2. Determine p(u).
-3
Suppose -3*m + 2*m = 6. Let r(z) be the third derivative of z**6/120 + z**5/10 - z**4/24 - 7*z**3/6 - z**2 - 91. Give r(m).
-1
Let z(c) = -38*c**3. Let g(m) = 7*m + 139. Let p be g(-20). What is z(p)?
38
Suppose -29 + 19 = -z. Let y be z/15*3 - (-1)/1. Let m(i) = -2*i**2 + 3. What is m(y)?
-15
Let t be 2 - 30/(-9)*6/(-5). Let f(s) = 5*s + 1. What is f(t)?
-9
Let r(k) = k**2 + 7*k + 8. Let l be r(-6). Let h be (2 - 0)*(l - 1). Let u(f) = -5*f**2 - h*f**2 + 2*f - 3*f + f**3 + 3 + 0*f**2. Determine u(7).
-4
Let v(m) be the first derivative of -m**2/2 - 3*m - 96. Calculate v(3).
-6
Let h(q) = -4*q**2 - 6*q. Let i(c) = 5*c**2 + 5*c - 1. Let x(z) = -4*h(z) - 3*i(z). Calculate x(-9).
3
Suppose 4*d - 18 = -2*s, 4*s + d - 4*d = 3. Let v(l) = 46*l**2 - 6*l + 47*l**2 + l**s - 5 - 89*l**2. Calculate v(-5).
0
Suppose 18*v - 14*v + 16 = 0, -5*x = -3*v - 62. Let c(i) = -i**2 + 12*i - 15. What is c(x)?
5
Let p(r) = r**2 - 4*r + 5. Suppose -3*d + 12 = -l + 4*l, 2 = -2*d. Suppose l*b = -3 + 43. Let m = 12 - b. Determine p(m).
5
Let u(q) = -q - 1. Let n(c) = -c**2 - 7*c. Let r be n(-7). Determine u(r).
-1
Let o(g) = -6*g - 7. Let b(i) = -i**3 - 21*i**2 - 35*i + 53. Let x be b(-19). What is o(x)?
17
Let q(w) = w**2 + 6*w + 6. Let i(v) = -v**3 + 3*v**2 + 11. Let m be (1 + -7)*(-34)/51. Let c be i(m). Give q(c).
1
Suppose 3*h + 5 + 3 = -4*y, -2*h = 4*y + 4. Let d(a) = -4*a**3 - 4*a**2 + a - 1. Let n(i) = -i**2. Let j(k) = d(k) - 4*n(k). Calculate j(y).
-4
Suppose -2*m + 0*g + 6 = -g, m + 2*g = 13. Let q(b) = m + 3*b + 4*b - 8*b. Suppose -3*n + 1 = -2*n, 0 = -5*r - 4*n + 29. Calculate q(r).
0
Let d(j) = j**3 - 4*j**2 - 6*j. Suppose 0 = 10*x - 7*x. Suppose x*q = -3*q + 15. Give d(q).
-5
Let s(g) = 3*g**2 - 1. Let l be s(1). Let n = l + -2. Let t(h) = -h + 16 - 12 - 7 + 2*h. What is t(n)?
-3
Let u(w) = -8 + 4 + 2 + 9*w + 17 + w**2 + 0*w**2. Determine u(-7).
1
Suppose 18 = 384*x - 386*x. Let s(y) = y - 3. Give s(x).
-12
Let f(r) = -13*r**2 - 4*r + 4. Let l(p) = 23*p**2 + 8*p - 7. Let y(a) = -7*f(a) - 4*l(a). Determine y(-3).
3
Let c be (3/(-18))/((-8)/288). Let n(b) = -b - 6. Let j(m) = m + 7. Let k(y) = 2*j(y) + 3*n(y). Give k(c).
-10
Suppose 0 = -0*v - 2*v - 86. Let d = v + 68. Suppose 2*r + 3*r + d = 0. Let l(j) = j**2 + 4*j + 2. What is l(r)?
7
Let b(z) = -2*z**3 - 4*z**2 + z + 1. Let s(u) = u**3 + 5*u**2 - 7*u - 9. Let p be s(-6). Determine b(p).
16
Let f(p) = 3*p**2 + 6*p + 1. Let b(v) = -13*v**2 - 23*v - 6. Let i(z) = 2*b(z) + 9*f(z). Calculate i(-8).
-3
Suppose 16*k - 3*k = -26. Let h(g) = 4*g + 2. Determine h(k).
-6
Let r(f) = -1 + f**3 + 0 + f**2 + 3 + f. Let q(u) be the first derivative of u**4/4 + u**3/3 - 3*u**2/2 + u + 15. Let v be q(1). Determine r(v).
2
Let g(w) be the third derivative of -w**4/8 + 19*w**3/3 - 557*w**2 - 2. Give g(15).
-7
Let u(d) = d + 2. Suppose -v - v + 8 = 0, 5*k + 3*v = 32. Suppose -k = 3*n + 11. Give u(n).
-3
Suppose 3*r - 4*r + 3 = 0. Let k(t) = -12 + 3*t + 3*t - r*t - 4*t. Give k(0).
-12
Let v(y) = 2*y + 5. Let m(r) = -2*r**3 + 15*r**2 - 2*r - 11. Let p be m(7). Suppose 4*h = 4*z - p, 3*h + z + 10 = -0*z. What is v(h)?
-3
Let j(k) = -2*k**3 - 21*k**2 + 45*k + 23. Let v(o) = o**3 + 8*o**2 - 14*o - 8. Let q(d) = 2*j(d) + 7*v(d). Give q(-5).
5
Suppose 4*h - 76 = -0*h. Suppose -r = 5, 0*r = 2*i - 3*r - h. Let y(a) = 5 + a**2 - 6*a + 0 + 0*a**i. Determine y(5).
0
Let t(k) be the first derivative of -k**4/4 + 5*k**3/3 - 3*k**2/2 + k + 586. What is t(5)?
-14
Suppose 5*w - 3 - 7 = 0. Let r(f) = f**2 - 6*f - 15. Let c be r(8). Let n(u) = u + u - c + 0*u + 2*u**2 - 2*u**3 - 1. What is n(w)?
-6
Suppose 87 = 12*g - 81. Suppose 0 = g*u + 14 + 42. Let r(k) = -k**2 - 4*k. Determine r(u).
0
Let l(b) be the second derivative of -b**8/6720 + b**7/504 + b**6/360 - b**5/40 + b**4 + 8*b. Let p(h) be the third derivative of l(h). Calculate p(3).
21
Let d(f) be the third derivative of f**5/15 + 17*f**4/24 + f**3/3 + 165*f**2. Give d(-4).
-2
Suppose -4 = -5*u + 1. Suppose -u - 2 = -3*p. Let v(m) = -3 + 16*m**2 - 11*m**2 + 5 - 3. Determine v(p).
4
Let v(s) = -18 + 6*s - 17 - 9*s + 38. Calculate v(17).
-48
Let f(w) be the third derivative of -w**5/60 - 17*w**4/24 - 11*w**3/6 + 40*w**2 + 2. Determine f(-11).
55
Let f(m) = -m**3 - m**2 - 10*m - 6. Let d(n) = n**3 + 9*n + 6. Let q(t) = 7*d(t) + 6*f(t). Let l = 12 - 7. Give q(l).
-4
Let r(t) = 21*t + 5. Let i(d) = -25*d - 6. Let c(s) = 5*i(s) + 6*r(s). Determine c(-8).
-8
Let x(s) = -2*s**3 + 3*s + 3. Let w be ((-4)/5)/(20/50). Calculate x(w).
13
Suppose -10 = 2*n, -5*u - 5*n = -10*u + 35. Let o(j) = 2*j**3. Calculate o(u).
16
Let x = 8 - 5. Let f(l) = -5*l - l + 2 - 84*l**2 + 85*l**2 - 7*l + 5*l. What is f(x)?
-13
Let p be 3 - (4/(-4) + 2). Suppose 5*f - 18 - p = -5*m, m + 20 = 5*f. Let j(d) = d**2 - 10. Determine j(m).
-10
Let i = 9 + -6. Suppose 0*g + i*g = 0. Let y(l) = -l + 12. Let m(k) = k - 13. Let v(q) = -5*m(q) - 6*y(q). Calculate v(g).
-7
Let b(a) = -a - 2. Let x be (48/6)/4 + 0/(-1). Suppose -14 = x*i + 2. Calculate b(i).
6
Let t(s) be the second derivative of -s**7/840 - s**6/120 - s**5/120 + s**4/24 - 13*s**3/3 - 39*s. Let f(c) be the second derivative of t(c). Calculate f(-3).
4
Let v(a) = -5*a**3 - 8*a**2 + 11*a - 6. Let d(y) = -6*y**3 - 7*y**2 + 11*y - 6. Let n(w) = -4*d(w) + 5*v(w). Calculate n(-13).
20
Suppose -i - 8 = g + 2*i, -1 = i. Let t(z) = -z - 1. Determine t(g).
4
Let g(f) be the second derivative of -f**4/12 - f**3/6 + 2*f**2 + 278*f + 2. Suppose -5*u + 2*b = -13, -b - 4*b = -4*u + 7. Calculate g(u).
-8
Let z(u) = 3*u**2 - 2*u + 5. Let q(g) = -38*g - 36. Let n be q(-1). Give z(n).
13
Let x(m) be the second derivative of -7*m**2 - 1/20*m**5 - 11*m + 0*m**4 + 0 + 0*m**3. What is x(0)?
-14
Let y(t) = -t**2 - 22*t + 21. Let g be y(-23). Let a(n) = n**2 - n - 4. Give a(g).
2
Let m(u) = -10*u - 25. Let p be m(-3). Let w(s) = 4*s - 8. Calculate w(p).
12
Let h(t) = 9*t**3 + 7*t**2 + 4*t - 5. Let r(m) = 11*m**3 + 7*m**2 + 3*m - 6. Let c(d) = 6*h(d) - 5*r(d). Determine c(8).
8
Let f(b) = 144*b - 728. Let m be f(5). Let i(o) = o + 18. What is i(m